What is 10111221 (base 4) in base 3?
220101010
Convert -15504145 (base 6) to base 4.
-2013001001
What is -264086 (base 10) in base 4?
-1000132112
Convert -9556 (base 16) to base 6.
-452554
Convert -e992 (base 15) to base 4.
-30010010
Convert 1211022000 (base 4) to base 5.
101224321
What is -1100010101110000000 (base 2) in base 10?
-404352
What is -111000100000000111 (base 2) in base 13?
-81455
Convert 1328974 (base 10) to base 6.
44252354
Convert 130515520 (base 6) to base 4.
21301031220
Convert -14443100 (base 7) to base 14.
-27a037
What is 6124145 (base 7) in base 3?
1101000221102
What is 324112213 (base 5) in base 8?
5243773
What is 431434 (base 6) in base 15?
a734
What is -87573a (base 13) in base 8?
-14107630
What is -23567 (base 8) in base 12?
-5a1b
What is 21362631 (base 7) in base 15?
2625c9
Convert 19c03 (base 13) to base 14.
144d7
Convert -7405860 (base 9) to base 8.
-17067466
-10011011033 (base 4) to base 5
-233210031
Convert 384856 (base 9) to base 13.
82224
What is -fa2b9 (base 16) in base 10?
-1024697
11311221230 (base 4) to base 5
342433401
82b06 (base 12) to base 4
221232312
What is 15c68a (base 14) in base 15?
101620
Convert -3101314420 (base 5) to base 7.
-104230030
What is -1002300 (base 5) in base 16?
-3e4e
What is 20001302101 (base 4) in base 5?
1014320330
-20313410 (base 5) to base 2
-101000101101001010
Convert -678fc (base 16) to base 9.
-715780
Convert 1011101110110010010010 (base 2) to base 3.
12210020101222
Convert -10110100101110111 (base 2) to base 3.
-11200221020
-755e (base 16) to base 8
-72536
163031 (base 12) to base 11
239393
Convert 3045135 (base 6) to base 8.
435563
-450524 (base 8) to base 2
-100101000101010100
Convert 12111001112 (base 4) to base 10.
1658966
What is -34401443 (base 5) in base 9?
-521645
-1015400 (base 9) to base 7
-4415043
What is 22657 (base 14) in base 15?
19b68
What is 1113200121 (base 4) in base 16?
57819
What is 245400344 (base 6) in base 7?
55214302
85a0c (base 14) to base 10
323020
-1101111001101101010 (base 2) to base 5
-104034110
-8ac1 (base 13) to base 8
-45737
Convert 1010011303 (base 4) to base 3.
112011120121
Convert -138044 (base 11) to base 6.
-4342250
-28a23c (base 14) to base 5
-330121422
What is -11004200 (base 5) in base 13?
-33bcb
358cb8 (base 16) to base 11
1a87763
What is 3032431333 (base 5) in base 14?
b5b665
Convert -72034 (base 8) to base 11.
-20372
Convert aea14 (base 15) to base 13.
165c76
Convert -145902 (base 15) to base 12.
-3b36b5
Convert -6710301 (base 8) to base 14.
-3504db
Convert -27260415 (base 9) to base 11.
-7652601
864e6 (base 15) to base 9
718770
What is -46326 (base 11) in base 8?
-202575
Convert -84368 (base 9) to base 8.
-154635
-1311652 (base 8) to base 12
-15760a
Convert -11151231 (base 6) to base 2.
-1010011010010100011
-2a0500 (base 12) to base 13
-1b9300
-434041 (base 7) to base 16
-12838
What is -4764244 (base 8) in base 10?
-1304740
2011377 (base 8) to base 12
21627b
Convert -11110624 (base 8) to base 10.
-2396564
Convert -218bc (base 13) to base 3.
-10002102211
What is -1cbf7f (base 16) in base 3?
-10112201101221
Convert -11111000101110110110 (base 2) to base 6.
-33500410
What is 1a69a29 (base 11) in base 4?
31102120001
What is 351bb (base 12) in base 8?
212737
Convert 46318 (base 13) to base 7.
1042021
What is -22142124 (base 5) in base 12?
-93b1a
What is 33d20 (base 16) in base 7?
1542552
Convert -33599 (base 12) to base 10.
-68229
Convert 123332302030 (base 4) to base 8.
33766214
Convert -1003104 (base 5) to base 10.
-16029
Convert 3263417 (base 11) to base 12.
1b03572
Convert 214310300 (base 5) to base 3.
1202100101200
What is 6b42d (base 14) in base 12?
107401
Convert -111011100000111001 (base 2) to base 13.
-86c56
b1ea25 (base 15) to base 10
8453285
What is -205406652 (base 7) in base 16?
-b9f748
41574 (base 12) to base 11
5924a
Convert -899496 (base 14) to base 7.
-54504446
What is -1429827 (base 10) in base 4?
-11131011003
What is -102121001221102 (base 3) in base 4?
-113200130102
What is 240533105 (base 6) in base 15?
5e4ea8
Convert -33707361 (base 8) to base 10.
-7311089
Convert -4260510 (base 8) to base 14.
-219144
What is 26d85 (base 15) in base 16?
1e686
What is 941213 (base 10) in base 8?
3456235
What is 3025355 (base 6) in base 15?
2c908
Convert 43546500 (base 8) to base 6.
532331040
-9b598 (base 15) to base 7
-4125200
What is 71c0b (base 15) in base 5?
43013321
What is -12127432 (base 8) in base 6?
-133051454
-a0efd (base 16) to base 10
-659197
What is 25133022 (base 6) in base 2?
11000100101001100110
Convert -1010202221210 (base 3) to base 4.
-2103321012
1200122221100 (base 3) to base 7
10432305
-71a816 (base 12) to base 16
-1b2d12
What is -12044314440 (base 5) in base 10?
-14057495
Convert -102211110022 (base 3) to base 7.
-1656650
3041564 (base 7) to base 4
1120222301
What is 327221 (base 11) in base 9?
875058
Convert 26aab1 (base 13) to base 9.
1678321
What is 22959 (base 14) in base 3?
11021110011
What is 701a3 (base 15) in base 2?
1010110100111000001
-5304323 (base 6) to base 11
-166598
What is 1213232301 (base 5) in base 8?
12741162
1030102101 (base 5) to base 14
41060d
Convert -7767302 (base 8) to base 7.
-23534164
1043414 (base 7) to base 12
62435
-100000010101101100001 (base 2) to base 15
-15dea6
Convert -1001110011101110 (base 2) to base 11.
-28202
16747763 (base 8) to base 14
74073d
What is -12306255 (base 8) in base 5?
-1144113424
-10351017 (base 11) to base 2
-1001100011101110001001110
-213926 (base 10) to base 9
-355405
3a0225 (base 13) to base 6
50000454
Convert 21567120 (base 8) to base 2.
10001101110111001010000
Convert -149641 (base 14) to base 13.
-1c170c
Convert 1664641 (base 9) to base 10.
928540
-12422420 (base 5) to base 8
-361135
Convert 1113021401 (base 5) to base 4.
21123011102
102558 (base 9) to base 4
32320211
Convert -278885 (base 12) to base 3.
-1020102110102
What is -500b85 (base 12) in base 7?
-13406126
Convert -111121102011 (base 3) to base 10.
-267844
Convert 21202020000 (base 3) to base 6.
3134043
What is -1a6860 (base 13) in base 5?
-132442030
Convert 96336 (base 16) to base 9.
1136830
What is 7bb50 (base 14) in base 7?
2363330
What is 142646 (base 12) in base 16?
52116
-c564a (base 13) to base 5
-42323133
-520169 (base 11) to base 4
-3023302231
What is -11001110000001000110100 (base 2) in base 11?
-38a0a56
What is 115343 (base 6) in base 10?
10287
Convert 313101121201 (base 4) to base 7.
234104344
20120012000 (base 3) to base 4
133202100
What is -464159 (base 13) in base 4?
-12112220201
Convert -690768 (base 14) to base 6.
-204335000
What is 200233 (base 8) in base 3?
10100010000
10510032 (base 6) to base 7
2502221
Convert 1145034341 (base 6) to base 16.
c81f55
What is 10204244 (base 6) in base 8?
1103004
1800578 (base 10) to base 5
430104303
Convert 11011110001111100100000 (base 2) to base 16.
6f1f20
-1629b2 (base 13) to base 8
-2057557
1100001000010110 (base 2) to base 8
141026
-54329 (base 12) to base 3
-12122100020
Convert -222121021112 (base 3) to base 15.
-a5235
Convert -2445594 (base 10) to base 14.
-479374
What is 11100110000011100 (base 2) in base 6?
2305152
What is 27b09 (base 16) in base 3?
22021000002
161206 (base 8) to base 13
2051a
11010010010100110 (base 2) to base 10
107686
Convert 2540514 (base 9) to base 13.
396403
What is 32946 (base 13) in base 11?
62954
Convert 48b453 (base 16) to base 9.
8862012
What is 6151f (base 16) in base 10?
398623
34120000 (base 5) to base 2
1001001100011000010
What is -428e5 (base 16) in base 15?
-55b93
-cab97a (base 13) to base 11
-27664aa
1352030443 (base 6) to base 15
16d2830
Convert -1031221011 (base 4) to base 5.
-40134041
What is -1160 (base 16) in base 3?
-20002202
What is 1145641 (base 7) in base 16?
23ab2
Convert 124012 (base 9) to base 8.
222532
Convert -223012430 (base 5) to base 11.
-613357
What is -104c2 (base 15) in base 5?
-3123312
What is -2a50898 (base 11) in base 13?
-1110751
What is 174caa2 (base 13) in base 5?
3414141130
Convert 879572 (base 12) to base 9.
4040185
What is 120110102111 (base 3) in base 5?
34214203
1f2e69 (base 16) to base 14
3b2a01
What is 54214254 (base 7) in base 13?
c5c6a6
What is -9a7b (base 16) in base 7?
-223204
What is -1b353d (base 14) in base 4?
-3230233003
Convert -133111202 (base 4) to base